{"id":15,"date":"2016-11-28T08:35:35","date_gmt":"2016-11-28T07:35:35","guid":{"rendered":"http:\/\/www.bus-roskilde.dk\/?page_id=15"},"modified":"2025-03-21T18:54:01","modified_gmt":"2025-03-21T17:54:01","slug":"arsmodet","status":"publish","type":"page","link":"http:\/\/www.bus-roskilde.dk\/index.php\/arsmodet\/","title":{"rendered":"\u00c5rsm\u00f8det 2025 &#8211; Folkeoplysningens Laboratorium"},"content":{"rendered":"<p>Afholdes hvert \u00e5r i april. I 2025 bliver \u00e5rsm\u00f8det afholdt <strong>onsdag d. 9. april kl. 18.30 til 21.30<\/strong>.<\/p>\n<p>Det er nu tid for afholdelse af \u00e5rsm\u00f8det 2025 i B\u00f8rne- og<br \/>\nUngdomsorganisationernes Samr\u00e5d Roskilde Kommune (BUS Roskilde), hvor<br \/>\ndet forgangne \u00e5r skal efterses.<br \/>\n<strong>\u00c5rsm\u00f8det afholdes p\u00e5 Roskilde R\u00e5dhus<\/strong> \u2013 hvor vi efter \u00e5rsm\u00f8det h\u00f8rer mere om<br \/>\nhvad Folkeoplysningens Laboratorium er for en st\u00f8rrelse.<\/p>\n<p>Folkeoplysningens Laboratorium er en mulighed for at folkeoplysende foreninger og aftenskoler i Roskilde Kommune kan eksperimentere, pr\u00f8ve ideer af og forf\u00f8lge dr\u00f8mme. Laboratoriet er en platform, hvor man kan f\u00e5 eller give inspiration og r\u00e5dgivning, sparre med hinanden og f\u00e5 hj\u00e6lp til at s\u00f8ge penge til at f\u00f8re nye ideer ud i livet.<\/p>\n<p>I 2025 udpeger Det Danske Spejderkorps, DUI-Leg &amp; Virke, De Gr\u00f8nne Pigespejder samt Baptistspejderne deres medlemmer for de n\u00e6ste to \u00e5r.<\/p>\n<p>Indkaldelse til \u00e5rsm\u00f8det skal ske med mindst 4 ugers varsel. Forslag til vedt\u00e6gts\u00e6ndringer skal v\u00e6re i forretningsudvalgets h\u00e6nder senest d. 1. februar. Andre forslag der \u00f8nskes behandlet p\u00e5 \u00e5rsm\u00f8det skal v\u00e6re i forretningsudvalgets h\u00e6nder senest d. 1. marts.<\/p>\n<p><strong>Program:<br \/>\n<\/strong><\/p>\n<p style=\"padding-left: 40px;\">18:30 \u2013 19:00 Spisning \/ velkomst<br \/>\n19:00 \u2013 20:00 BUS Roskildes \u00e5rsm\u00f8de (Generalforsamling)<br \/>\n20.00 \u2013 21.00 Folkeoplysningens Laboratorium \u2013 seneste nyt<\/p>\n<p><strong>Forel\u00f8big dagsorden for \u00e5rsm\u00f8det:<\/strong><\/p>\n<ol>\n<li>Valg af dirigent og stemmet\u00e6llere<\/li>\n<li>Forretningsudvalgets beretning til godkendelse<\/li>\n<li>Forel\u00e6ggelse af regnskab og budget herunder kontingent for n\u00e6ste \u00e5r til<br data-rich-text-line-break=\"true\" \/>godkendelse<\/li>\n<li>Indkomne forslag<\/li>\n<li>Information om medlemsorganisationernes repr\u00e6sentanter til<br data-rich-text-line-break=\"true\" \/>forretningsudvalget<br data-rich-text-line-break=\"true\" \/>Disse er p\u00e5 valg i \u00e5r (Valget foretages f\u00f8r m\u00f8det i respektive organisationer):<br data-rich-text-line-break=\"true\" \/>DDS, Baptistspejderne og DUI-Leg og Virke.<\/li>\n<li>Orientering om arbejdet i Folkeoplysningsudvalget v\/Jesper Kejlhof<\/li>\n<li>Valg af revisor \u2013 Jesper Kejlhof er villig til genvalg<\/li>\n<li>Eventuelt<\/li>\n<\/ol>\n","protected":false},"excerpt":{"rendered":"<p>Afholdes hvert \u00e5r i april. I 2025 bliver \u00e5rsm\u00f8det afholdt onsdag d. 9. april kl. 18.30 til 21.30. Det er nu tid for afholdelse af \u00e5rsm\u00f8det 2025 i B\u00f8rne- og Ungdomsorganisationernes Samr\u00e5d Roskilde Kommune (BUS Roskilde), hvor det forgangne \u00e5r skal efterses. \u00c5rsm\u00f8det afholdes p\u00e5 Roskilde R\u00e5dhus \u2013 hvor vi efter \u00e5rsm\u00f8det h\u00f8rer mere om &hellip; <a href=\"http:\/\/www.bus-roskilde.dk\/index.php\/arsmodet\/\" class=\"more-link\">Continue reading<span class=\"screen-reader-text\"> &#8220;\u00c5rsm\u00f8det 2025 &#8211; Folkeoplysningens Laboratorium&#8221;<\/span><\/a><\/p>\n","protected":false},"author":1,"featured_media":0,"parent":0,"menu_order":0,"comment_status":"closed","ping_status":"closed","template":"","meta":[],"_links":{"self":[{"href":"http:\/\/www.bus-roskilde.dk\/index.php\/wp-json\/wp\/v2\/pages\/15"}],"collection":[{"href":"http:\/\/www.bus-roskilde.dk\/index.php\/wp-json\/wp\/v2\/pages"}],"about":[{"href":"http:\/\/www.bus-roskilde.dk\/index.php\/wp-json\/wp\/v2\/types\/page"}],"author":[{"embeddable":true,"href":"http:\/\/www.bus-roskilde.dk\/index.php\/wp-json\/wp\/v2\/users\/1"}],"replies":[{"embeddable":true,"href":"http:\/\/www.bus-roskilde.dk\/index.php\/wp-json\/wp\/v2\/comments?post=15"}],"version-history":[{"count":17,"href":"http:\/\/www.bus-roskilde.dk\/index.php\/wp-json\/wp\/v2\/pages\/15\/revisions"}],"predecessor-version":[{"id":145,"href":"http:\/\/www.bus-roskilde.dk\/index.php\/wp-json\/wp\/v2\/pages\/15\/revisions\/145"}],"wp:attachment":[{"href":"http:\/\/www.bus-roskilde.dk\/index.php\/wp-json\/wp\/v2\/media?parent=15"}],"curies":[{"name":"wp","href":"https:\/\/api.w.org\/{rel}","templated":true}]}}