{"id":39,"date":"2017-08-28T22:58:31","date_gmt":"2017-08-28T20:58:31","guid":{"rendered":"http:\/\/www.bus-roskilde.dk\/?page_id=39"},"modified":"2024-09-16T20:17:41","modified_gmt":"2024-09-16T18:17:41","slug":"forretningsudvalget","status":"publish","type":"page","link":"http:\/\/www.bus-roskilde.dk\/index.php\/forretningsudvalget\/","title":{"rendered":"Forretningsudvalget"},"content":{"rendered":"<p>Forretningsudvalget best\u00e5r af<\/p>\n<ul>\n<li>Formand Ren\u00e9 Andersen, KFUM Svogerslev<\/li>\n<li>N\u00e6stformand Mie Mortensen, DDS Peder Syv Gruppe<\/li>\n<li>Kasserer S\u00f8ren Hansen, DBS Roskilde<\/li>\n<li>Erik Henriksen, Adventistspejderne<\/li>\n<li>Jacob Bj\u00e6ldager, KFUM &amp; KFUK i Roskilde<\/li>\n<\/ul>\n\n\n<p><\/p>\n","protected":false},"excerpt":{"rendered":"<p>Forretningsudvalget best\u00e5r af Formand Ren\u00e9 Andersen, KFUM Svogerslev N\u00e6stformand Mie Mortensen, DDS Peder Syv Gruppe Kasserer S\u00f8ren Hansen, DBS Roskilde Erik Henriksen, Adventistspejderne Jacob Bj\u00e6ldager, KFUM &amp; KFUK i Roskilde<\/p>\n","protected":false},"author":1,"featured_media":0,"parent":0,"menu_order":0,"comment_status":"closed","ping_status":"closed","template":"","meta":[],"_links":{"self":[{"href":"http:\/\/www.bus-roskilde.dk\/index.php\/wp-json\/wp\/v2\/pages\/39"}],"collection":[{"href":"http:\/\/www.bus-roskilde.dk\/index.php\/wp-json\/wp\/v2\/pages"}],"about":[{"href":"http:\/\/www.bus-roskilde.dk\/index.php\/wp-json\/wp\/v2\/types\/page"}],"author":[{"embeddable":true,"href":"http:\/\/www.bus-roskilde.dk\/index.php\/wp-json\/wp\/v2\/users\/1"}],"replies":[{"embeddable":true,"href":"http:\/\/www.bus-roskilde.dk\/index.php\/wp-json\/wp\/v2\/comments?post=39"}],"version-history":[{"count":6,"href":"http:\/\/www.bus-roskilde.dk\/index.php\/wp-json\/wp\/v2\/pages\/39\/revisions"}],"predecessor-version":[{"id":129,"href":"http:\/\/www.bus-roskilde.dk\/index.php\/wp-json\/wp\/v2\/pages\/39\/revisions\/129"}],"wp:attachment":[{"href":"http:\/\/www.bus-roskilde.dk\/index.php\/wp-json\/wp\/v2\/media?parent=39"}],"curies":[{"name":"wp","href":"https:\/\/api.w.org\/{rel}","templated":true}]}}