{"id":7,"date":"2016-11-27T14:30:15","date_gmt":"2016-11-27T13:30:15","guid":{"rendered":"http:\/\/www.bus-roskilde.dk\/?page_id=7"},"modified":"2023-01-09T21:41:56","modified_gmt":"2023-01-09T20:41:56","slug":"forside","status":"publish","type":"page","link":"https:\/\/www.bus-roskilde.dk\/","title":{"rendered":"Velkommen"},"content":{"rendered":"\n<p>til B\u00f8rne- og Ungdomsforeningerne i Roskilde Kommunes hjemmeside.<\/p>\n\n\n\n<p>BUS har siden 2013 repr\u00e6senteret de folkeoplysende foreningers interesser i Roskilde Kommune. Vi fungerer blandt andet som bagland for Jesper Kejlhof, der er medlem af Roskilde Kommunes folkeoplysningsudvalg.<\/p>\n\n\n\n<p><a class=\"\" href=\"\/index.php\/leder-og-traenerudviklingspuljen\/\">S\u00f8g om tilskud fra vores lederpulje.<\/a><\/p>\n\n\n\n<h5 id=\"block-66c84d7c-a1f7-49be-9b05-e3399965e0c0\">Kig n\u00e6rmere:<\/h5>\n\n\n\n<ul><li class=\"\"><a class=\"\" href=\"http:\/\/www.bus-roskilde.dk\/index.php\/seminar\/\">Seminar<\/a><\/li><li class=\"\"><a class=\"\" href=\"http:\/\/www.bus-roskilde.dk\/index.php\/leder-og-traenerudviklingspuljen\/\">Leder- og Tr\u00e6nerudviklingspuljen<\/a><\/li><li class=\"\"><a class=\"\" href=\"http:\/\/www.bus-roskilde.dk\/index.php\/julemaerkemarchen-2019-1-december\/\">Julem\u00e6rkemarchen<\/a><\/li><li class=\"\"><a class=\"\" href=\"http:\/\/www.bus-roskilde.dk\/index.php\/forretningsudvalget\/\">Forretningsudvalget<\/a><\/li><li class=\"\"><a class=\"\" href=\"http:\/\/www.bus-roskilde.dk\/index.php\/arsmodet\/\">\u00c5rsm\u00f8det<\/a><\/li><\/ul>\n","protected":false},"excerpt":{"rendered":"<p>til B\u00f8rne- og Ungdomsforeningerne i Roskilde Kommunes hjemmeside. BUS har siden 2013 repr\u00e6senteret de folkeoplysende foreningers interesser i Roskilde Kommune. Vi fungerer blandt andet som bagland for Jesper Kejlhof, der er medlem af Roskilde Kommunes folkeoplysningsudvalg. S\u00f8g om tilskud fra vores lederpulje. Kig n\u00e6rmere: Seminar Leder- og Tr\u00e6nerudviklingspuljen Julem\u00e6rkemarchen Forretningsudvalget \u00c5rsm\u00f8det<\/p>\n","protected":false},"author":1,"featured_media":0,"parent":0,"menu_order":0,"comment_status":"closed","ping_status":"closed","template":"","meta":[],"_links":{"self":[{"href":"https:\/\/www.bus-roskilde.dk\/index.php\/wp-json\/wp\/v2\/pages\/7"}],"collection":[{"href":"https:\/\/www.bus-roskilde.dk\/index.php\/wp-json\/wp\/v2\/pages"}],"about":[{"href":"https:\/\/www.bus-roskilde.dk\/index.php\/wp-json\/wp\/v2\/types\/page"}],"author":[{"embeddable":true,"href":"https:\/\/www.bus-roskilde.dk\/index.php\/wp-json\/wp\/v2\/users\/1"}],"replies":[{"embeddable":true,"href":"https:\/\/www.bus-roskilde.dk\/index.php\/wp-json\/wp\/v2\/comments?post=7"}],"version-history":[{"count":18,"href":"https:\/\/www.bus-roskilde.dk\/index.php\/wp-json\/wp\/v2\/pages\/7\/revisions"}],"predecessor-version":[{"id":121,"href":"https:\/\/www.bus-roskilde.dk\/index.php\/wp-json\/wp\/v2\/pages\/7\/revisions\/121"}],"wp:attachment":[{"href":"https:\/\/www.bus-roskilde.dk\/index.php\/wp-json\/wp\/v2\/media?parent=7"}],"curies":[{"name":"wp","href":"https:\/\/api.w.org\/{rel}","templated":true}]}}